 4 - 2, 3*z + 3*g + 267 = 0. Let f = -380 - -1395. Calculate the remainder when 2/6 + (-6)/(z/f) is divided by 7.
5
Let y(p) = -p + 15. Suppose 0 = 8*q - 735 - 2985. Suppose 12*v - q = 219. Calculate the remainder when v is divided by y(0).
12
Let w(o) = 5*o**2 - 100*o - 2. What is the remainder when w(61) is divided by 11?
7
Suppose 2*q + 55*j = 51*j + 68, 5*q - 146 = -2*j. What is the remainder when 1240 is divided by q?
8
Let q be (-1)/3 + (-116)/12. Calculate the remainder when (-15 - 261/(-54))*-6 is divided by (-9)/(-15) + (-154)/q.
13
Let p = -34 + 30. Let s(n) = -6*n - 9. Let z = 181 + -109. Calculate the remainder when z is divided by s(p).
12
Let g(o) = 6*o - 3 + 4*o**2 + o**2 + o**2 - 5*o**2. What is the remainder when g(3) is divided by 16?
8
Let i(j) = -5*j + 244. Suppose -5*p + 6*p - 71 = -3*r, -5*p + 30 = 2*r. What is the remainder when i(-31) is divided by r?
24
Let r(t) = -2*t**3 - 4*t**2 - 4*t - 5. Suppose 13 + 3 = -4*u. Let b be r(u). Let o = b - 53. Calculate the remainder when o is divided by 13.
9
Let t(b) = 11*b + 7*b - 22*b - 24*b - b**3 + 11*b**2. What is the remainder when 30 is divided by t(6)?
6
Let c(w) = w**2 - 5*w + 5. Let n be 8 + ((-3)/12 - (-13)/52). Let d(a) = -a**3 - 2*a**2 + 4*a + 1. Calculate the remainder when c(n) is divided by d(-4).
12
Suppose 9*v + 3*o - 8 = 10*v, 3*v + o - 16 = 0. Suppose 5*s - w = v*w + 885, 187 = s + 4*w. Calculate the remainder when s is divided by 17.
9
Let d(q) = -87*q**3 - 4*q + 3. Let r = -74 + 75. Let b be d(r). What is the remainder when (-1)/(b/84 - -1) is divided by 8?
5
Suppose 28*n = 301 + 1491. What is the remainder when n is divided by 18?
10
Let m = -2708 + 2806. Calculate the remainder when m is divided by (-316)/(-12) + 2/3.
17
Let w be 1/(1/2) + 0. Suppose 0 = 4*h + 5*y - 66, -4*y + 50 = 5*h - w*h. What is the remainder when 109 is divided by h?
11
Suppose 0 = -3*t + 2*b + 15 - 8, -t - 2*b + 13 = 0. Suppose 15 = -t*l, v + 0*v - 61 = l. What is the remainder when 165 is divided by v?
49
Suppose 4*u + n - 2011 = 0, -282*n = -283*n + 3. What is the remainder when u is divided by 176?
150
Let y = 24924 - 14004. Calculate the remainder when y is divided by 127.
125
Suppose 2*c + 152 = 3*j, 5*c - 93 - 125 = -4*j. Suppose -5*a = -2*r - 61, 2*a - 7*a = r - j. Calculate the remainder when 96 is divided by (a/4)/((-6)/(-72)).
30
Suppose -5*q - 3 = -8*q. Suppose 2*d = -3*x + 1, -4*d - 6 = -x - q. Let z = -11 + 17. Calculate the remainder when z is divided by x.
0
Suppose -50 = -2*b + 2. Suppose 16*s - 8925 = -103*s. What is the remainder when s is divided by b?
23
Let g(u) = 24*u - 45. Let t(z) = -20*z + 46. Let m(q) = -6*g(q) - 7*t(q). What is the remainder when m(-31) is divided by 19?
15
Let w be (-1)/2 - (-4 + (-1509)/(-6)). Let x = w - -290. Let p(j) = 23*j**2 + j - 1. Calculate the remainder when x is divided by p(1).
19
Suppose -151*l = 227*l - 66*l - 59592. What is the remainder when 555 is divided by l?
173
Suppose 9914 + 6856 = 25*a - 1555. What is the remainder when a is divided by 92?
89
Suppose 4*p - 8*n = -11*n + 99, -5*p + 120 = 5*n. What is the remainder when 264 is divided by p?
21
Let s be -2*(2/(-5) + (-819)/(-10)). Let i = -82 - s. What is the remainder when i is divided by 1 + (-1)/(-2)*26?
11
Let y be -5 + (200/(-30))/(2/(-3)). Suppose 2*g + q = -3*g + 805, g + y*q = 137. Calculate the remainder when g is divided by 33.
30
Let s(m) = 3*m - 14. Let u be s(6). Suppose -3*f - 4*j = -36, -j - 23 - 44 = -u*f. Suppose -f*h = -18*h + 28. What is the remainder when 52 is divided by h?
10
Suppose -5*h + 13 + 2 = 0. Suppose 0 = -5*y - 4*v + 217, 2*y - v = -h*v + 88. Calculate the remainder when y is divided by ((-3)/(6/64))/(2*-1).
9
Suppose -6*u = -5*s + 284, 5*s - 14*u = -15*u + 256. What is the remainder when s is divided by 9?
7
Let i(p) = -p + 1. Let j(y) = -2*y**2 - 5*y. Let x(w) = 3*i(w) - j(w). Let t = 2966 + -2971. What is the remainder when x(t) is divided by 5?
3
Let x = -16178 - -16235. Suppose 5*w = 2*k - 26, -5*k = -w + 3 + 1. What is the remainder when x is divided by 28/w*(-36)/14?
9
Let c be 135/4 + 120/(-160). Let l(a) = -a**3 + 3*a - 5. Calculate the remainder when l(-4) is divided by (-2)/((-1)/(-2 - c/(-6))).
5
Let h = 14922 - 14738. What is the remainder when 3308 is divided by h?
180
Let r = 37 - 39. Let m be r/42*-3 - (-2414)/7. What is the remainder when (246/30 + -7)*m/2 is divided by 42?
39
Let r = -4710 + 4726. Calculate the remainder when 894 is divided by r.
14
Suppose -2*m - 228*s + 230*s + 984 = 0, -4*m + s = -1959. Calculate the remainder when m is divided by 609/29*(-14)/(-6).
48
Let j = -408 - -840. Calculate the remainder when j is divided by 105.
12
Let o = 2465 - 2457. Calculate the remainder when 122 is divided by o.
2
Suppose 66 + 392 - 2152 = -242*j. What is the remainder when -3*9*(0 + -1) is divided by j?
6
Suppose d = -1, -10*t - 2*d + 2689 = -9*t. Suppose -971 = 20*b - t. Calculate the remainder when b is divided by 12.
2
Let c(q) = 2*q**2 - 81*q + 93. Calculate the remainder when c(67) is divided by 9.
8
Suppose 2 = -2*g + 8. Let b = 212 + -208. Suppose -b*z = 26 - 94. What is the remainder when z is divided by g?
2
Calculate the remainder when (338 + (-2 + 2 - -4))*25/10 is divided by 30.
15
Let p(l) = 13*l + 24. Let u be p(5). Suppose 9*b + 140 + 400 = 0. Let f = u + b. Calculate the remainder when 144 is divided by f.
28
What is the remainder when (-4350)/522*822/(-10) is divided by 76?
1
Let w(g) be the first derivative of -14*g**2 - 9*g + 22. What is the remainder when 85 is divided by w(-2)?
38
Let c(s) = -s**3 + 5*s**2 + 141*s - 920. Suppose -q - 235 = -6*q. What is the remainder when q is divided by c(8)?
15
Suppose -1342 = -16*j + 450. Let u = j - 105. What is the remainder when 75 is divided by u?
5
Let n = 61 + 10. Calculate the remainder when n is divided by 1008/(-12)*(-32)/112.
23
Suppose -29*w + 42*w - 2613 = 0. Calculate the remainder when w is divided by -4*2/(-20) - 1014/(-15).
65
Let f(j) = j - 33. Let h be f(40). Suppose 264 = h*a - 58. What is the remainder when 87 is divided by a?
41
Let o(j) = -j**3 - 2*j**2 - j - 7. Let b = -469 - -681. Let t = 294 - b. What is the remainder when t is divided by o(-4)?
24
Suppose 5*g + g = 36. Suppose 3*l - g = -0. Suppose -2*m - 3*t = -l*t - 26, 4*t = 0. Calculate the remainder when 62 is divided by m.
10
Let c = 10769 + -10752. What is the remainder when -2 - (2/(-1) - 48) is divided by c?
14
Let o = 253 - 156. Let l(j) = j + 12. Let g be l(-8). Let t(q) = q**2 + 5*q - 3. What is the remainder when o is divided by t(g)?
31
Let a = 423 - 111. Calculate the remainder when a is divided by 109.
94
Let c be 24/(-4)*33/(-9). Suppose 0 = c*v - 513 - 213. What is the remainder when v is divided by 19?
14
Calculate the remainder when 202 is divided by 280/80*(-88)/(-4).
48
Let c = -28 + 32. Suppose c*k = 54 - 34. Suppose 19 = k*w + 9. Calculate the remainder when 6 is divided by w.
0
Let z be (2 + -2)/((-14)/(-7)). Suppose -5*t + t + 68 = z. Let y = -360 + 365. Calculate the remainder when t is divided by y.
2
Suppose 0 = 21*v + 36559 - 37693. Calculate the remainder when 470 is divided by v.
38
Let t = 8 + -3. Suppose -4*y + 60 = y - t*a, 3*a = -3. Suppose -10*g - 53 = -y*g. What is the remainder when g is divided by 27?
26
Let v be ((-2)/(-4))/((-1)/8). What is the remainder when 0 + v + 2 + 94 is divided by (49 - 4) + -6 - 2/(2 - (-48)/(-28))?
28
Let w = 2504 - 2480. Suppose -3*c + 108 = -45. Suppose v - h = 43, 0 = -2*v + 5*h + c + 26. Calculate the remainder when v is divided by w.
22
Let v(d) = -d + 36. Let t(c) = 2*c**2 - 20*c + 6. Let w(z) = z. Let f(b) = t(b) + w(b). Let o be f(10). Calculate the remainder when 137 is divided by v(o).
17
Let o = 136 + -122. Suppose d + g - 5 = 0, 2*g - o = -7*d + 4*d. Calculate the remainder when 13 is divided by d.
1
Suppose -43 = 4*r - 19. Let j be (r + 12)*1/(-2). Calculate the remainder when 132 is divided by -81*((-2)/j - 1).
24
Suppose 0 = 370*k - 309*k - 38979. What is the remainder when k is divided by 15?
9
Let o be -9 + (-36)/(-6) + -133. What is the remainder when 40 is divided by (21/(-28))/(3/o)?
6
Let d(o) = -10*o + 2. Calculate the remainder when (-52 - (-17 + 7))/(2/6*-2) is divided by d(-3).
31
Suppose -3